11
Suppose -29 = l + 5*i, -4*i - 32 = 3*l - 0. Let f be (-1 + 3/(-12))*l. Calculate the greatest common divisor of f and 35.
5
Suppose 5*p - 38 - 127 = 0. Calculate the highest common divisor of p and 3.
3
Suppose -2*u + 36 = -2. Let h = 76 + -38. Calculate the highest common divisor of h and u.
19
Let c(g) = -28*g - 2. Let s be c(-4). Suppose 0 = -4*h + 2*b + 34, -2*h = h + 4*b - 42. What is the highest common divisor of h and s?
10
Suppose -21 + 69 = 3*v. Suppose t + 192 = 4*t. What is the highest common divisor of t and v?
16
Suppose -o - 47 = -2*o - 5*f, -3*o + 109 = -f. Suppose -4*z + o = -11. Calculate the greatest common divisor of 6 and z.
6
Let j(f) = f**3 - f**2 - 4*f + 2. Let d(n) = n**2 + 4*n + 3. Let q be d(-4). Let a be j(q). What is the greatest common divisor of a and 72?
8
Let f = 28 + -26. What is the greatest common factor of f and 4?
2
Let a(m) = 2*m + 6. Let j be a(6). Let g be (-3 - (-3 + 0)) + 5. Suppose g*p = -0*p + 135. Calculate the greatest common factor of j and p.
9
Suppose 0 = v - 2, -3*v + 50 = 4*s - 6*v. Calculate the highest common factor of s and 105.
7
Let t be 1*8*6/(-12). Let n be (-26)/t - 7/(-14). Calculate the greatest common divisor of n and 56.
7
Suppose 30 = 4*n - 82. Suppose -2*a = -0*a - n. Suppose 3*v - 108 = 4*g, -a = 2*v - 3*g - 85. Calculate the greatest common factor of 10 and v.
10
Let z(y) = 3*y - 1. Let j be z(3). Let p be 374/6 + j/12. Calculate the highest common factor of 9 and p.
9
Let f be 2 + (100 - (-6)/(-3)). Suppose -2*q + 42 = -q - x, -3*q = x - 118. Calculate the highest common factor of f and q.
20
Let z be (1 - (-105)/(-6))*52/(-6). What is the greatest common divisor of 11 and z?
11
Suppose 0 = -3*i - 3*i. Suppose -2*p = -2*o + 102, i = o + 3*p - 37 - 2. What is the highest common divisor of o and 32?
16
Let a = 10 + 8. Suppose f - 1 = 2. Suppose a + 24 = f*c. What is the greatest common divisor of c and 35?
7
Suppose 2*o - 3*o = 0. Suppose -5*j + 4*j + 17 = o. Calculate the highest common divisor of 51 and j.
17
Suppose 15 = -10*l + 5*l. Let k = l - -6. Calculate the greatest common factor of 3 and k.
3
Let t(y) = -y**3 + 5*y**2 + 8*y + 4. Let x(k) = k**2 - k. Let v be x(3). Let d be t(v). What is the highest common factor of 128 and d?
16
Let y = 2 - -1. Let m(u) = u + 10. Suppose 3*f + 16 + 5 = 0. Let p be m(f). Calculate the greatest common divisor of y and p.
3
Let k = -10 - -12. Suppose -4*w + u + 101 = 0, k*u = -w - 18 + 50. Calculate the greatest common factor of 234 and w.
26
Suppose 2*c - 4*c = q - 3, -5*c + 18 = 4*q. Let b(t) = t**2 - 6*t - 37. Let s be b(12). What is the greatest common factor of q and s?
7
Let m = -161 - -114. Let z = 69 + m. Suppose -4*t + 47 + 85 = 0. What is the highest common divisor of z and t?
11
Let x(n) = -n + 4. Let l be x(2). Suppose l*g = -2*g. Suppose -b + g*b + 56 = 0. Calculate the highest common divisor of b and 8.
8
Let g be (-40)/(-8)*(-17)/(-1). Let v = g - 58. What is the highest common factor of 27 and v?
27
Suppose -n - 216 = -5*n. What is the highest common factor of n and 6?
6
Suppose -547 = -4*b + 273. Calculate the highest common divisor of 82 and b.
41
Suppose -36*q + 30*q + 432 = 0. What is the greatest common factor of q and 24?
24
Let d(g) = g + 1 - 4*g + 4*g. Let t be d(0). Let o be (10/8)/((-1)/(-4)). Calculate the greatest common divisor of t and o.
1
Suppose 3*r + 3*x - 81 = 0, 216 = 5*r - x + 51. Suppose 58 = 5*h - r. What is the greatest common divisor of 6 and h?
6
Suppose 2*i - 1 = -h, 5*h + 19 = -4*i + 48. Calculate the greatest common divisor of 171 and h.
9
Let q = 19 - 31. Let w = 20 + q. Let l(s) = -s**2 - 4*s - 2. Let z be l(-3). What is the highest common factor of w and z?
1
Let a = -2 - -6. Suppose a*u = -4*s + 164, 5*s - 29 = -u - 0*s. Calculate the highest common divisor of u and 4.
4
Let k = -9 - -16. Let y(c) = 4*c + 0 + 2*c**2 + 4*c**2 - 1 + 8*c**2. Let t be y(2). Calculate the greatest common factor of k and t.
7
Suppose u + 3*t - 5 = 0, -5*u - 2*t = t - 13. Calculate the highest common divisor of 10 and u.
2
Let w be 42 - (4 + -2 - 4). Let s(c) = 2*c - 7. Let o be (5 - 4)*(6 - -3). Let p be s(o). What is the highest common divisor of p and w?
11
Let u(j) = -2*j - 1. Let v be u(-2). Suppose 3*g - v*t = 210, -t + 126 = 5*g - 236. What is the greatest common factor of g and 9?
9
Suppose 4*f - 268 = -y, 0*y = 2*f - 5*y - 112. Let u = -25 - -47. Let h = u - 16. What is the highest common divisor of h and f?
6
Suppose -48 = -2*k + 168. Calculate the greatest common divisor of k and 12.
12
Suppose -5*q + 0*y + 457 = -4*y, 5*q + 4*y = 473. Let v = -65 + q. What is the highest common divisor of v and 4?
4
Suppose -92*t - 125 = -97*t. Let j(x) = 2*x**2 + 6*x + 2. Let b be j(-4). Calculate the greatest common factor of t and b.
5
Let h = 46 - 25. What is the highest common factor of h and 84?
21
Suppose 2*b - 3*b = 2. Let s = b + 5. Let x be 4/(((-6)/(-4))/s). What is the highest common divisor of 12 and x?
4
Let y(c) = -c**2 - 8*c - 6. Let l be y(-7). Let r be (1 - 4)/(l/(-12)). What is the highest common divisor of 12 and r?
12
Let b = -5 - -9. Let x be (-162)/(-8) - 2/8. What is the greatest common factor of b and x?
4
Let p = -24 - -41. Suppose -42 = 3*w - 4*w + 2*s, -4*w + 4*s + 188 = 0. Let j = 120 - w. Calculate the highest common factor of j and p.
17
Suppose 0*q - 13*q = -975. Suppose 37 = -n + 10. Let m = -12 - n. Calculate the highest common divisor of m and q.
15
Suppose 2*m - 15 - 53 = 0. Calculate the greatest common factor of m and 238.
34
Let j = -78 - -80. Calculate the greatest common divisor of 26 and j.
2
Let r(t) = 19*t**3 - 2*t + 1. Let s be r(1). Let l = 201 + -72. Let y = l - 75. What is the greatest common factor of s and y?
18
Let s be (1 + -2)/(5/45). Let i = 9 + s. Suppose 5*l - 4*u - 26 = -6*u, i = -3*l + 5*u + 28. What is the highest common divisor of 24 and l?
6
Suppose -2*k - 5*c + 2 = 0, 3 = 4*k - 5*c - 1. Let v be (4 - 5) + k*2. What is the greatest common factor of v and 7?
1
Let m be -5 + 1 + 12 - 5. What is the highest common factor of m and 1?
1
Let c(h) = -17*h - 9*h + 0 - 3. Let p be c(-2). Let w(g) = -6*g + 1. Let x be w(-1). What is the greatest common factor of x and p?
7
Let m = -3 - -7. Suppose 0 = -m*p + 56 + 44. Calculate the greatest common factor of 10 and p.
5
Let c(w) = -w**3 - 2*w**2 + w + 7. Let i be c(-5). Suppose -4*x = -13 - 15. Calculate the greatest common divisor of i and x.
7
Suppose -8*s + 4*s + 144 = 0. What is the highest common divisor of s and 54?
18
Let s be -2 + 3 + 0 + 1. Let j = s - -2. Suppose 3*b + 13 = -j*i - 2*b, -3*i + 2*b + 19 = 0. What is the greatest common factor of i and 3?
3
Suppose s - 2*z - 13 = 0, -5*s + z = -4*s - 8. Suppose 0 = -s*d + 3 - 0. Let y be 16 + 1 - (1 + d). What is the greatest common factor of y and 15?
15
Let b(a) = a**2 - 10*a - 8. Let d be b(11). Let i = 78 - 45. Calculate the highest common factor of d and i.
3
Let c(z) = z**3 - 16*z**2 + 12*z + 20. Let v be c(15). Let u = -13 - v. Suppose 2*x + 2*x = 48. Calculate the highest common factor of x and u.
12
Suppose 198 + 327 = 5*t. Suppose -3*n + 3*q = -135, -68 = -4*n - q + 97. What is the highest common factor of t and n?
21
Suppose s - 2 - 9 = 0. Let l be 3/((24/(-99))/(-8)). What is the greatest common divisor of s and l?
11
Let s = 10 + -6. Suppose 0 = -s*i + 13 - 1. Suppose -2*f = -5*g - 18, 4*f - i*f + 3*g = 9. Calculate the highest common factor of f and 1.
1
Let d = -133 + 157. What is the greatest common divisor of d and 180?
12
Suppose 67 = 3*n - 131. What is the greatest common factor of 44 and n?
22
Suppose 5*n - 4*v = -0*v + 282, -2*v - 222 = -4*n. What is the greatest common factor of 27 and n?
27
Suppose 2*h - 76 = -4*u, 23*u + 43 = h + 20*u. Suppose -4*t + 28 = 4*z, 2*t - 47 = -5*z + t. Calculate the highest common factor of h and z.
10
Suppose -5*c = -145 + 15. What is the greatest common divisor of 39 and c?
13
Suppose w + 64 = 82. What is the highest common divisor of w and 2?
2
Let x be (-4)/3 - (-2)/(-3). Let d be 93/(-9) - x/(-3). Let l = d - -20. What is the highest common divisor of 27 and l?
9
Suppose -2*u = -11 + 3. Suppose 3*s - 2*b = -53, -5*b + 63 - u = -4*s. Let r be (-687)/s - (-2)/7. What is the greatest common divisor of 